Let g(j) = -j - 7. What is g(y)?
-7
Let q(u) = 5*u - 9. Let d be q(6). Let r be (-6)/d - (-37)/7. Let t = 10 - r. Let b(n) = n - 4. Calculate b(t).
1
Let v(u) = u. Let k(x) = -2*x - 6. Let h be k(-4). Let d = h - 1. Let p = d + -5. Give v(p).
-4
Let i(v) = -v + 1. Let k(f) = -6*f + 0*f - 82 + 82. Let s(l) = -4*i(l) + k(l). Let x = -6 + 1. Calculate s(x).
6
Let d(u) = -3*u**2 - 1 - 3*u**2 - 2*u**2 + 3*u**2. Suppose 1 = -a - 0. Calculate d(a).
-6
Suppose 4*v - 2*k = v + 9, -2*k = -6. Let q(p) = 6*p + 58*p**2 - 4 - 1 - p**3 - 54*p**2. Calculate q(v).
0
Let b(a) = a**2. Let u be b(-2). Let o be 11/4 + 1/4. Let z(p) = -u*p - p + 3 + o*p. Give z(2).
-1
Let s = -26 + 33. Let t(l) = l - 4. Give t(s).
3
Suppose -3*t = 2*p - 22 + 3, 3*p = 4*t - 14. Let w(j) = 3*j + p - 4 - j + 3. Let u(m) = -2*m + 2. Let c be u(3). Give w(c).
-7
Let m = -10 + 10. Let s(r) = r**3 + 3*r**2 - 3*r**2 - r**2 + m*r**3. Let c = -1 + 2. Calculate s(c).
0
Suppose 0*q + q = 0. Let m(a) = a**3 + a**2 + a - 8. Give m(q).
-8
Let l(n) = 2*n + 2. Let j = 17 + -15. Calculate l(j).
6
Suppose 14 = 4*j + 2. Let i(o) = -3*o - 2. Let b(p) = -p - 1. Let r(z) = -11*b(z) + 4*i(z). Determine r(j).
0
Let p(r) = -r**3 - 4*r**2 - 4*r - 3. Suppose -3*l + 15 = 2*x, -2*x = -3*l + 2*l - 3. Suppose c - 4 = 3*w + l, c - 10 = 4*w. Let a = c + 0. Give p(a).
-3
Let y(q) = q**3 + 5*q**2 + 6*q. Let m(b) = b + 2. Let n be m(7). Suppose 2*v + n = 1. Determine y(v).
-8
Let k be 2/(-1 + (-21)/(-15)). Suppose -10 = -k*c - 0. Let s(p) = -4*p - p**2 - 5 - 2*p + c*p - 1. Determine s(-4).
-6
Let k = 201 + -196. Let c(t) = -t**3 + 6*t**2 - 7*t + 6. Give c(k).
-4
Let y(d) be the first derivative of -d**2 + d - 2. Suppose -2*n - 12 = -2*h - 0*h, 4*h + 4*n = -16. Give y(h).
-1
Let d = 18 - 4. Let r(b) = 2 + d*b**2 - 15*b**2 - 1 - b. What is r(-2)?
-1
Let s(u) = 3*u**2 - 8*u - 5. Let b(t) = -7*t**2 + 16*t + 10. Let i(y) = 4*b(y) + 9*s(y). Calculate i(-7).
2
Let p(i) = i + 2. Let z(y) = -y**2 + 4. Let d be z(0). Suppose 4*m - d = -2*g - 0, m - 2*g = 6. Calculate p(m).
4
Let y(c) = -c + 6. Let f(h) = -3*h + 13. Let p(s) = 3*f(s) - 7*y(s). Let t be -1 + 1*-1*5. Let i = t - -4. What is p(i)?
1
Suppose -d = -6*d. Let t(z) be the second derivative of d - z - 1/3*z**3 - 3*z**2. Determine t(-5).
4
Let v = -27 - -34. Let h(i) = -i - 1. Determine h(v).
-8
Let p(l) = l**3 - 5*l**2 - 6*l + 4. Let k be 12/9*9/2. Let a be p(k). Let j(x) = -x**3 + 4*x**2 + 4. Determine j(a).
4
Let w(n) = 22*n + 6. Let v(c) = -7*c - 2. Let g(s) = -10*v(s) - 3*w(s). Determine g(4).
18
Let w = -1 - -3. Let b(h) = 0*h + 5*h**2 + h**3 + 0*h**w - 1 + 4*h. What is b(-4)?
-1
Let q(s) = 2*s**2 - s + 8. Let t be q(0). Let k(u) = -u**3 + 9*u**2 - 7*u - 6. Give k(t).
2
Let u(x) be the third derivative of 0 - 1/3*x**3 + 0*x - 1/24*x**4 - 2*x**2. What is u(-2)?
0
Let k(s) be the second derivative of -5*s**3/6 + s**2/2 + 4*s - 1. Determine k(2).
-9
Suppose 12 = 2*j - 16. Suppose 0 = 5*r - 3*r - j. Let b(a) = 4*a - 5 - 3*a - 2*a - r. What is b(-6)?
-6
Let o(q) be the second derivative of 0 + 0*q**2 - 6*q + 1/3*q**3. Let v be 1*-2 - (3 - 1). Determine o(v).
-8
Suppose 2*f = -2 - 4. Let m(a) be the third derivative of -1/24*a**4 + 1/6*a**3 + 0 + 2*a**2 + 0*a. What is m(f)?
4
Let x = -7 - -9. Suppose -x*g = -3*g. Let o(y) = -y**3 + y**2 - 6. Determine o(g).
-6
Let a(o) = -o**2 - 5*o + 3. Let j be a(-5). Let m(u) = u - 3. What is m(j)?
0
Let l(a) = -9*a**3 - a**2. Let p(h) = 4*h - 37. Let q be p(9). What is l(q)?
8
Let o(h) = -h**2 - h + 3. Let b = -23 + 19. Determine o(b).
-9
Let m(g) be the second derivative of 4*g - 5/12*g**4 - 1/20*g**5 + 0*g**2 + 0 - g**3. Calculate m(-4).
8
Let o(b) = 10*b - 2 + 7 + 2*b**2 - 16*b. Give o(4).
13
Let x(c) = c + 2. Let q(f) = -2*f**3 + 2*f**2 + f + 1. Let t be q(2). Give x(t).
-3
Let s(i) = i**3 - i**2 - i - 2. Let p be 2/5 - 18/45. Calculate s(p).
-2
Let f(t) = -3*t + 1. Let v be ((-3)/6)/(1/2). Calculate f(v).
4
Let b(m) = 11*m**3 + 17*m**2 + 4*m + 21. Let o(c) = -5*c**3 - 8*c**2 - 2*c - 10. Let w(n) = -4*b(n) - 9*o(n). What is w(-4)?
-2
Let a(u) = u**3 - 3*u**2 + u - 3. Let w(m) = m**2 - m - 3. Let t be w(3). Let x be a(t). Let d(p) = x*p**2 - 4 + 1 + 4*p + 3*p**2 - p**3. Give d(4).
-3
Let d(z) be the third derivative of z**6/120 + z**5/12 + z**4/24 + 7*z**3/6 + 8*z**2. Calculate d(-5).
2
Let q(k) be the second derivative of -7*k**4/12 + k**2/2 - 3*k. Calculate q(1).
-6
Let r(o) = -o**2 - 6*o - 7. Let q be r(-2). Let z(j) = 7*j + 1. Determine z(q).
8
Let u(c) be the first derivative of c**2/2 - 1. Suppose -14 = 3*n + 1. Determine u(n).
-5
Let p = -7 + 3. Let k(w) = -w**3 - 4*w**2 - w + 4. Let a be k(p). Suppose a + 12 = 4*m. Let d(g) = g**3 - 6*g**2 + 7*g - 4. Give d(m).
6
Suppose 4*z - 7 = -2*j + 11, -3*z + j = -1. Let s be (-1*z)/(0 - 1). Let r(f) = -4*f**2 - f**s + 5*f**2 - f**2 - 5*f - 3. Calculate r(-4).
1
Let j(m) = 3*m - 5. Let o(k) = -k - 1. Let q(h) = -j(h) + 4*o(h). Let t be 5 + -6 + 23*1. Suppose 14 = 4*d - 2*g, d - 3*d + 4*g = -t. Give q(d).
-6
Let z(h) = -h**2 + 3*h + 3. Let p = 1 + 7. Let q = p + -4. What is z(q)?
-1
Let l(t) = t**2 - 5*t + 4. Let y be l(4). Let q be 3/1 + -8 - y. Let g(b) = b**2 + 6*b + 2. Determine g(q).
-3
Let t(u) = -u**3 + 4*u**2 + 2*u - 5. Let h = 3 + 0. Suppose -16 = -h*v - v. Give t(v).
3
Let w be 1/(0 + (4 - 5)) + 1. Let l(b) = 3*b + 0*b**2 + b**2 - 2*b + 10. Determine l(w).
10
Let i(l) = l**3 - l - 8. Suppose -g - 2 + 2 = 0. What is i(g)?
-8
Let g(j) be the first derivative of -1/12*j**4 + 2 + 2*j + 1/20*j**5 + 0*j**3 + 0*j**2. Let z(b) be the first derivative of g(b). What is z(0)?
0
Suppose 0 = -4*l - 3*h + 4, -3*l - 5*h = l + 4. Suppose -3*z = z + 4*w - 28, l*z + 12 = 4*w. Let q(m) = 4*m**3 - 3*m**3 - 6*m**2 - 4*m - m - z*m**3. Give q(-5).
0
Let t(x) = 3*x**3 + 3*x**2 - 7*x - 5. Let q(i) = 4*i**3 + 5*i**2 - 10*i - 7. Let a(v) = -5*q(v) + 7*t(v). Give a(4).
4
Let i(o) = o**2 + 6*o + 2. Suppose f = -k + 2*k - 1, 0 = f + 4*k + 21. Let b be ((-2)/f)/(7/(-70)). What is i(b)?
-6
Let q(v) = v - 4. Let z be q(-4). Let d = -11 - z. Let r(g) = 3*g + 2. Give r(d).
-7
Let i be 1 + 3 + -5 - -9. Suppose -w + 5*v - 26 = 0, 2*v + 0 = i. Let b(p) = p**2 + 6*p + 5. Give b(w).
5
Let o = -3 + 8. Let a(v) = -o + v + 2*v - 1 - 4*v. What is a(0)?
-6
Let k(n) be the third derivative of n**4/24 + 5*n**3/2 - 3*n**2. Let t be k(-10). Let d(l) = -l**3 + 4*l**2 + 3*l - 2. Calculate d(t).
-12
Let u(i) = i - 28*i**2 + 27*i**2 - 13 - 12*i. Determine u(-9).
5
Let g(x) = 2*x. Let t = -180 - -125. Let p be (-40)/(-22) - 10/t. Suppose -3*l - l - 4 = -p*k, -10 = l + 4*k. Determine g(l).
-4
Let i(s) = -s**2 - s - 1. Suppose 4*k + 26 = -3*t + 5*t, -4*t = 5*k. Suppose t*c + 1 = -14. What is i(c)?
-7
Let a = 28 + -28. Let i(g) = -g**2 - g - 1. What is i(a)?
-1
Let f(b) be the third derivative of -b**3 + 0*b + 1/12*b**5 + 0 + 1/24*b**4 - 1/120*b**6 + 3*b**2. What is f(5)?
-1
Let d(m) = m**3 + 4*m**2 + m. Let j(x) = -x**3 + 6*x**2 - x + 5. Let n be j(6). Let i(y) = -y**3 - y**2 + 1. Let o(r) = n*d(r) - 2*i(r). What is o(3)?
4
Let b(i) = i**2 + i. Let n(j) = 2 - 8*j - 4 - j**2 - 4. Let w be n(-6). Suppose w*f - 10 = f. Calculate b(f).
6
Let v be 1/(-3) + 4/(-6). Let o be -3 + 5 + 2/v. Let m(z) = 8 + 2 + 4 - z**2. Determine m(o).
14
Let i(k) = -3*k**3 - 14*k**2 + 9*k - 11. Let r(n) = 5*n**3 + 21*n**2 - 13*n + 16. Let o(h) = -8*i(h) - 5*r(h). What is o(6)?
2
Let d = 589 + -596. Let u(s) be the third derivative of s**4/24 + 2*s**3 + s**2. Determine u(d).
5
Suppose -3*a = 4*l - 17, 6*a + 23 = 3*a + 4*l. Let j be 4/(-1 + 1 + a). Let o(v) be the second derivative of v**3/6 + 2*v**2 + 3*v. Determine o(j).
0
Let k be -2 - -4 - 2/(-2). Let n(v) = v**3 - v**2 + 5*v + 3. Let q = 1 - 3. Let w(h) = 5*h**3 - 5*h**2 + 21*h + 12. Let u(x) = q*w(x) + 9*n(x). What is u(k)?
-6
Let z = -5 - -1. Let h(q) be the third derivative of -q**4/24 + q**3/2 + 3*q**2. Determine h(z).
7
Let l(p) = 9*p + 13. Let s(f) = -10*f - 14. Let o(c) = -7*l(c) - 6*s(c). Let n = -15 + 9. Give o(n).
11
Let v(r) = 2*r - 7. Let z(x) = 5*x - 19. Let f be z(5). Calculate v(f).
5
Let p(g) = -13*g + 15. Let z(x) = -4*x + 5. Let n(c) = -2*p(c) + 7*z(c). Calculate n(5).
-5
Let c(y) = -y**3 + y**2 + y + 9. Let v(b) = 2*b. Let s(u) = -u. Let m(w) = -9*s(w) - 4*v(w). Let o be m(0). De